 of 3294950955?
9
What is the ten millions digit of 119938658?
1
What is the hundreds digit of 3091561112?
1
What is the hundreds digit of 1755034418?
4
What is the hundred thousands digit of 8985558854?
5
What is the hundred millions digit of 131162770?
1
What is the hundreds digit of 998814282?
2
What is the tens digit of 2916718983?
8
What is the ten thousands digit of 148687718?
8
What is the ten millions digit of 3200524602?
0
What is the tens digit of 2112056735?
3
What is the millions digit of 156541107?
6
What is the hundreds digit of 76759892?
8
What is the ten thousands digit of 12316619?
1
What is the thousands digit of 1716930505?
0
What is the tens digit of 4020395292?
9
What is the hundreds digit of 737127621?
6
What is the millions digit of 254484733?
4
What is the units digit of 151950902?
2
What is the units digit of 159431871?
1
What is the tens digit of 129889337?
3
What is the billions digit of 4289122298?
4
What is the thousands digit of 1028767439?
7
What is the thousands digit of 7326197?
6
What is the units digit of 301168407?
7
What is the hundred millions digit of 130845896?
1
What is the units digit of 42807823?
3
What is the ten thousands digit of 4053077096?
7
What is the thousands digit of 311680762?
0
What is the thousands digit of 1291689192?
9
What is the ten millions digit of 5480819724?
8
What is the ten millions digit of 258504347?
5
What is the tens digit of 5100306583?
8
What is the hundred thousands digit of 173124331?
1
What is the millions digit of 357577993?
7
What is the hundreds digit of 427060083?
0
What is the tens digit of 468787458?
5
What is the hundred thousands digit of 14219539?
2
What is the hundred thousands digit of 5504383?
5
What is the hundreds digit of 169702718?
7
What is the hundred millions digit of 517514093?
5
What is the thousands digit of 6183055?
3
What is the units digit of 8266605?
5
What is the units digit of 20154123?
3
What is the units digit of 1028922880?
0
What is the ten thousands digit of 275992206?
9
What is the hundreds digit of 5263523?
5
What is the units digit of 121203159?
9
What is the thousands digit of 1709047941?
7
What is the ten thousands digit of 7537486?
3
What is the billions digit of 1620859499?
1
What is the thousands digit of 94757518?
7
What is the hundred millions digit of 865435208?
8
What is the tens digit of 79938287?
8
What is the ten millions digit of 3621286173?
2
What is the tens digit of 588629082?
8
What is the hundred millions digit of 1585143787?
5
What is the hundred millions digit of 123664388?
1
What is the hundreds digit of 109240338?
3
What is the ten millions digit of 197107623?
9
What is the tens digit of 20567283?
8
What is the hundred thousands digit of 168219198?
2
What is the ten thousands digit of 423909342?
0
What is the hundred thousands digit of 39147148?
1
What is the ten thousands digit of 892012040?
1
What is the millions digit of 63132658?
3
What is the units digit of 37029000?
0
What is the hundred thousands digit of 10790483?
7
What is the hundred millions digit of 103224371?
1
What is the ten millions digit of 52622830?
5
What is the thousands digit of 431763624?
3
What is the hundred thousands digit of 503095717?
0
What is the ten millions digit of 178272683?
7
What is the units digit of 828995394?
4
What is the tens digit of 724375605?
0
What is the thousands digit of 1274979783?
9
What is the hundred thousands digit of 138063109?
0
What is the tens digit of 80615718?
1
What is the millions digit of 778540216?
8
What is the hundreds digit of 426682860?
8
What is the ten thousands digit of 317291409?
9
What is the ten millions digit of 291859932?
9
What is the ten millions digit of 113831450?
1
What is the hundred millions digit of 488618037?
4
What is the units digit of 292499960?
0
What is the tens digit of 2196258751?
5
What is the hundreds digit of 39660695?
6
What is the units digit of 469020361?
1
What is the hundreds digit of 177795507?
5
What is the ten millions digit of 165967828?
6
What is the hundreds digit of 597920255?
2
What is the millions digit of 537534743?
7
What is the hundreds digit of 106344187?
1
What is the thousands digit of 75222459?
2
What is the ten thousands digit of 29131932?
3
What is the hundred thousands digit of 263930119?
9
What is the hundreds digit of 46328114?
1
What is the thousands digit of 341457819?
7
What is the hundred thousands digit of 206823762?
8
What is the millions digit of 236582901?
6
What is the tens digit of 5714633081?
8
What is the thousands digit of 283445675?
5
What is the thousands digit of 51620124?
0
What is the hundreds digit of 2634161337?
3
What is the units digit of 474711145?
5
What is the thousands digit of 30167707?
7
What is the units digit of 626158147?
7
What is the millions digit of 332012217?
2
What is the units digit of 14772382?
2
What is the thousands digit of 984670273?
0
What is the ten millions digit of 555766976?
5
What is the millions digit of 3493756577?
3
What is the tens digit of 157826773?
7
What is the thousands digit of 2579570521?
0
What is the hundred thousands digit of 98385962?
3
What is the hundred thousands digit of 68979390?
9
What is the hundred millions digit of 2153654007?
1
What is the tens digit of 10144936?
3
What is the ten millions digit of 348202775?
4
What is the millions digit of 83160503?
3
What is the thousands digit of 17350958?
0
What is the hundred thousands digit of 81013913?
0
What is the hundred thousands digit of 45177485?
1
What is the millions digit of 124272183?
4
What is the tens digit of 2632527632?
3
What is the units digit of 178226881?
1
What is the hundred millions digit of 167570098?
1
What is the ten thousands digit of 103523003?
2
What is the tens digit of 3155133297?
9
What is the hundreds digit of 205533175?
1
What is the thousands digit of 381586003?
6
What is the hundreds digit of 1099128238?
2
What is the hundred thousands digit of 107063504?
0
What is the thousands digit of 715728330?
8
What is the thousands digit of 281317583?
7
What is the hundred thousands digit of 67915646?
9
What is the millions digit of 173430881?
3
What is the ten millions digit of 2719016654?
1
What is the hundred thousands digit of 98758678?
7
What is the thousands digit of 2829559415?
9
What is the billions digit of 1005020648?
1
What is the hundreds digit of 15171090?
0
What is the thousands digit of 411995233?
5
What is the units digit of 54188872?
2
What is the hundred millions digit of 113827847?
1
What is the hundreds digit of 35940933?
9
What is the tens digit of 769760386?
8
What is the ten millions digit of 182351626?
8
What is the millions digit of 348765531?
8
What is the tens digit of 87611227?
2
What is the ten millions digit of 779870936?
7
What is the thousands digit of 351041804?
1
What is the ten thousands digit of 19420499?
2
What is the ten thousands digit of 48492042?
9
What is the hundred millions digit of 252593409?
2
What is the ten millions digit of 693460535?
9
What is the thousands digit of 908716360?
6
What is the ten thousands digit of 267116347?
1
What is the tens digit of 3731878656?
5
What is the hundred millions digit of 6046783982?
0
What is the hundreds digit of 277478065?
0
What is the thousands digit of 3134920953?
0
What is the millions digit of 655146862?
5
What is the hundred millions digit of 192428157?
1
What is the ten thousands digit of 36579708?
7
What is the thousands digit of 985996632?
6
What is the ten thousands digit of 114274677?
7
What is the hundred thousands digit of 59002233?
0
What is the ten thousands digit of 11239071?
3
What is the units digit of 487831646?
6
What is the ten millions digit of 564408996?
6
What is the units digit of 39882041?
1
What is the tens digit of 9896144?
4
What is the tens digit of 521810?
1
What is the thousands digit of 52624624?
4
What is the thousands digit of 102630801?
0
What is the thousands digit of 140201360?
1
What is the thousands digit of 647063608?
3
What is the tens digit of 1142512728?
2
What is the thousands digit of 1467962925?
2
What is the hundreds digit of 80354778?
7
What is the ten thousands digit of 48320807?
2
What is the hundred thousands digit of 6107506639?
5
What is the ten millions digit of 116680